and 129?
43
What is the highest common divisor of 14 and 1106?
14
Calculate the greatest common factor of 6050 and 50.
50
What is the greatest common divisor of 56 and 2268?
28
What is the greatest common factor of 340 and 1140?
20
What is the highest common factor of 464 and 1102?
58
What is the highest common divisor of 28 and 14?
14
What is the greatest common divisor of 322 and 46?
46
Calculate the greatest common divisor of 19140 and 29.
29
Calculate the highest common divisor of 5504 and 172.
172
Calculate the highest common divisor of 78 and 1866.
6
What is the greatest common factor of 164 and 62156?
164
Calculate the highest common divisor of 1824 and 96.
96
Calculate the highest common factor of 15 and 240.
15
What is the greatest common factor of 25 and 1700?
25
Calculate the highest common factor of 174 and 54.
6
What is the greatest common factor of 1577 and 83?
83
What is the greatest common divisor of 72 and 200?
8
Calculate the greatest common factor of 144 and 12888.
72
What is the greatest common factor of 512 and 72?
8
What is the greatest common divisor of 1430 and 1375?
55
What is the highest common divisor of 207 and 72?
9
Calculate the greatest common divisor of 88 and 594.
22
What is the highest common factor of 285 and 15?
15
What is the greatest common factor of 5 and 5455?
5
Calculate the highest common divisor of 6 and 66.
6
Calculate the greatest common factor of 1173 and 69.
69
What is the highest common factor of 15 and 165?
15
Calculate the highest common factor of 216 and 783.
27
What is the highest common factor of 3 and 51?
3
What is the highest common divisor of 17098 and 166?
166
Calculate the highest common factor of 742 and 530.
106
What is the greatest common factor of 335 and 35?
5
What is the greatest common divisor of 33938 and 142?
142
What is the greatest common divisor of 27 and 81?
27
Calculate the greatest common factor of 1776 and 74.
74
What is the greatest common factor of 36 and 21?
3
Calculate the greatest common factor of 22 and 1595.
11
Calculate the greatest common factor of 40 and 340.
20
What is the greatest common divisor of 1332 and 36?
36
Calculate the highest common factor of 17721 and 198.
99
Calculate the highest common factor of 370 and 222.
74
What is the greatest common divisor of 2 and 14336?
2
Calculate the greatest common factor of 560 and 50.
10
Calculate the highest common factor of 3600 and 72.
72
What is the greatest common divisor of 6 and 3918?
6
Calculate the greatest common divisor of 2453 and 22.
11
Calculate the greatest common factor of 644 and 196.
28
What is the greatest common factor of 56 and 8316?
28
What is the highest common divisor of 136 and 10?
2
What is the greatest common factor of 273 and 672?
21
Calculate the greatest common factor of 36 and 5628.
12
What is the greatest common factor of 338 and 494?
26
Calculate the greatest common divisor of 6 and 50.
2
Calculate the greatest common factor of 4 and 47.
1
What is the highest common divisor of 2565 and 675?
135
What is the highest common factor of 176 and 3586?
22
Calculate the greatest common factor of 63 and 49.
7
What is the highest common divisor of 325 and 39?
13
Calculate the highest common divisor of 110 and 2060.
10
What is the greatest common factor of 527 and 17?
17
What is the greatest common divisor of 6489 and 21?
21
Calculate the greatest common factor of 98 and 280.
14
What is the highest common factor of 828 and 72?
36
Calculate the highest common factor of 754 and 2030.
58
What is the greatest common factor of 3668 and 84?
28
Calculate the greatest common factor of 5481 and 406.
203
What is the highest common divisor of 60 and 80?
20
Calculate the greatest common divisor of 45 and 40.
5
Calculate the highest common factor of 528 and 12.
12
Calculate the highest common factor of 16449 and 3.
3
What is the greatest common factor of 253 and 736?
23
What is the highest common divisor of 684 and 7752?
228
What is the highest common divisor of 248 and 558?
62
Calculate the greatest common factor of 88 and 3234.
22
What is the highest common divisor of 1125 and 720?
45
What is the greatest common divisor of 40 and 5065?
5
Calculate the highest common divisor of 1744 and 48.
16
What is the greatest common divisor of 50 and 36550?
50
Calculate the highest common factor of 756 and 28.
28
What is the highest common divisor of 2922 and 12?
6
Calculate the greatest common divisor of 931 and 98.
49
What is the highest common divisor of 22 and 70686?
22
What is the highest common factor of 182 and 4823?
91
Calculate the greatest common factor of 63 and 56.
7
Calculate the greatest common factor of 170 and 60.
10
What is the highest common factor of 15 and 555?
15
Calculate the greatest common divisor of 88 and 143.
11
Calculate the greatest common factor of 1853 and 17.
17
What is the highest common divisor of 55 and 20?
5
Calculate the highest common factor of 14726 and 222.
74
Calculate the highest common divisor of 140 and 15876.
28
Calculate the greatest common divisor of 3757 and 13.
13
Calculate the highest common divisor of 1760 and 55.
55
Calculate the highest common divisor of 12 and 4956.
12
What is the highest common divisor of 195 and 465?
15
What is the highest common divisor of 1027 and 13?
13
What is the greatest common factor of 252 and 1692?
36
What is the greatest common divisor of 365 and 511?
73
What is the greatest common divisor of 215 and 5?
5
Calculate the highest common factor of 256 and 32.
32
Calculate the greatest common divisor of 963 and 1177.
107
Calculate the greatest common divisor of 26 and 169.
13
What is the highest common divisor of 84 and 2310?
42
Calculate the greatest common divisor of 13 and 793.
13
Calculate the greatest common factor of 264 and 8.
8
Calculate the greatest common divisor of 15 and 335.
5
What is the greatest common factor of 18 and 240?
6
Calculate the highest common divisor of 216 and 576.
72
What is the greatest common factor of 1666 and 272?
34
Calculate the greatest common factor of 240 and 230.
10
What is the greatest common factor of 238 and 28?
14
What is the greatest common factor of 2496 and 520?
104
Calculate the highest common factor of 177 and 118.
59
What is the greatest common factor of 690 and 9798?
138
What is the highest common divisor of 266 and 49?
7
What is the greatest common factor of 4 and 296?
4
Calculate the greatest common divisor of 4030 and 62.
62
Calculate the highest common factor of 38 and 19.
19
Calculate the greatest common factor of 344 and 2150.
86
What is the greatest common divisor of 490 and 60?
10
What is the greatest common divisor of 1376 and 129?
43
Calculate the greatest common divisor of 20 and 2980.
20
What is the greatest common factor of 5 and 6740?
5
Calculate the highest common divisor of 2139 and 62.
31
What is the greatest common factor of 34 and 20?
2
Calculate the highest common factor of 12 and 3252.
12
Calculate the greatest common factor of 7 and 11.
1
Calculate the highest common divisor of 10 and 16005.
5
What is the highest common factor of 26 and 2?
2
What is the highest common divisor of 48 and 303?
3
Calculate the highest common factor of 13779 and 9.
9
What is the highest common divisor of 616 and 504?
56
What is the greatest common divisor of 47 and 3431?
47
Calculate the highest common factor of 8 and 11992.
8
Calculate the greatest common factor of 1173 and 18377.
391
Calculate the highest common divisor of 357 and 4539.
51
What is the highest common divisor of 63 and 7?
7
What is the greatest common divisor of 260 and 5590?
130
What is the greatest common divisor of 200 and 900?
100
Calculate the greatest common factor of 28 and 2170.
14
Calculate the highest common divisor of 5830 and 165.
55
Calculate the highest common factor of 42 and 1554.
42
What is the highest common divisor of 198 and 45837?
99
Calculate the highest common factor of 31 and 3317.
31
What is the greatest common divisor of 240 and 400?
80
What is the greatest common divisor of 1360 and 60?
20
Calculate the highest common factor of 310 and 10.
10
Calculate the greatest common divisor of 272 and 1054.
34
Calculate the greatest common factor of 4908 and 12.
12
What is the highest common factor of 1282